is the remainder when y is divided by 13?
12
Let p = -38 + 68. What is the remainder when 115 is divided by p?
25
Let p(o) = o**2 + o + 6. Let k(x) = x + 1. Let i(g) = -5*k(g) + p(g). Let j be i(3). Calculate the remainder when 9 is divided by 3 + -6*1/j.
3
Calculate the remainder when (-2)/1 + 14/4*10 is divided by 26.
7
Suppose 33 = 5*g + 198. Let f = -14 - g. Calculate the remainder when (144/(-28))/((-1)/7) is divided by f.
17
Suppose -4*z - p + 9 = -0*p, -5*z = 2*p - 12. Let q = 8 + -6. Suppose -f = -z - q. Calculate the remainder when 10 is divided by f.
2
Let n = -15 - -26. Let c = n + -6. Suppose 2*l + 2*l - 36 = 0. What is the remainder when l is divided by c?
4
Suppose 3 + 3 = 3*q. Suppose 4*h - 3*f = 40, 0*f = -q*h - 3*f + 2. Let i = -130 + 142. What is the remainder when i is divided by h?
5
Let u be (-14)/(-6) + (-2)/(-3). Let r = -1 + u. Calculate the remainder when 7 is divided by -4*(r/(-1) - -1).
3
What is the remainder when 44 + 3/(3/2) is divided by 16 - (-16)/(-1 - 3)?
10
What is the remainder when ((-8)/(-15) + 8/(-40))*219 is divided by 19?
16
Let k be 164/3 - (-2)/(-3). Let v = -25 + k. Let t = -15 + v. What is the remainder when t is divided by 8?
6
Let a = 1 - 7. What is the remainder when 33 is divided by 34*(-3 - 21/a)?
16
Let d be 0 - (-4)/(4/(-3)). Let y be 3/d + (0 - -3). Suppose 9 = y*o - 1. What is the remainder when 14 is divided by o?
4
Let a(i) = -i**3 - 18*i**2 - 3*i + 20. Let z be a(-18). Suppose z = 4*n - 62. Calculate the remainder when n is divided by 7.
6
Let r = -2 - -5. Suppose r*i - 62 = -17. Let q = 25 + -17. What is the remainder when i is divided by q?
7
Let t(m) = 2*m**2 - m - 3. Let y(p) = -p**2 - 6*p - 4. Let c be y(-4). Suppose -3*d + 15 = 2*d, 3*j + c*d = 3. What is the remainder when 52 is divided by t(j)?
16
Let y = -1 + -2. What is the remainder when 300/(-8)*2/y is divided by 9?
7
Let a(y) = y**3 - 9*y**2 - 17*y + 14. What is the remainder when a(11) is divided by 18?
15
Let t = 17 + 1. Calculate the remainder when t is divided by 4.
2
Let i(q) = 3*q**2 - 5*q - 2. Let l be i(-3). Suppose l = -0*h + 5*h. Calculate the remainder when h is divided by 5.
3
Suppose 4*v - 12 = -4*z, z + 3 = -3*v + 22. Let n(m) = -m**2 + 13*m + 9. What is the remainder when n(v) is divided by 25?
24
Suppose 3*i = 8*i - 65. What is the remainder when i is divided by 4?
1
Let w = 0 + 2. Let o = w - -1. Suppose -176 = -3*c + 5*g, o*c + 4*g + 114 = 5*c. What is the remainder when c is divided by 23?
21
Let b(s) = 6*s - 3. Calculate the remainder when (-1)/(-5) + 144/5 is divided by b(3).
14
Suppose -u + 37 = -0*u. Let i = u + -6. What is the remainder when i is divided by 8?
7
Let i(x) = -x**2 - 6*x + 2. Calculate the remainder when i(-3) is divided by 3.
2
Suppose 0*f - 3*f = -6, 2*f = -q + 82. Let r = -19 + 39. Calculate the remainder when q is divided by r.
18
Let t be 1 + -2 + (3 - -1). Suppose -i + 152 = 3*i + t*z, 2*z = 0. Calculate the remainder when i is divided by 13.
12
Let z(s) = 7*s**3 - 11*s**2 + s + 1. Let n(d) = 3*d**3 - 5*d**2 + 1. Let l(m) = 5*n(m) - 2*z(m). What is the remainder when 42 is divided by l(4)?
9
Suppose 5*c - 6*c + 3*s = 0, 0 = 5*c + 2*s - 34. Let p(h) = h + 3. Let v be p(-3). Let u(x) = x**2 + x + 22. What is the remainder when u(v) is divided by c?
4
Let h = -127 + 172. Calculate the remainder when 89 is divided by h.
44
Suppose -7 = r - 2*r + 5*j, 5*r - 5 = -5*j. What is the remainder when 3 is divided by r?
1
Suppose -6 = 5*h - 8*h. What is the remainder when (-7)/(h - (-28)/(-12)) is divided by 8?
5
Let r(p) = p**3 - 8*p**2 + 10*p - 13. Calculate the remainder when r(7) is divided by 6.
2
Suppose -102 = -4*l - 18. Calculate the remainder when l is divided by 14.
7
Suppose 5*j - 18 = 2*j. What is the remainder when 21 is divided by j?
3
Suppose k + 3*y = -2*k + 6, -3*k + 6 = 4*y. Suppose 4 = -k*v + 44. What is the remainder when v is divided by 7?
6
Let m(p) = p**3 + 7*p**2 + 4*p - 6. Let o be m(-6). Suppose 0 = -o*l + l + 25. What is the remainder when 14 is divided by l?
4
Let h = -1 + 5. Suppose -5*j + 55 = -2*v, 4*j + 2*v - 46 = h*v. Let o = 51 + -18. Calculate the remainder when o is divided by j.
6
Suppose t - 2*o = -4, t = 3*t + 2*o + 26. Let u = 17 + t. Calculate the remainder when 26 is divided by u.
5
Suppose 4*k = 5*c - 41, -3*c = -c + k - 6. Calculate the remainder when 18 is divided by c.
3
Let s = -3 + 3. Let l be s/(1 + -2 + -1). Suppose 2*h - 31 - 19 = l. Calculate the remainder when 49 is divided by h.
24
Suppose 0 = -4*v - 0*v - 64. Let z = v - -27. What is the remainder when 21 is divided by z?
10
Let q be 15/5 + (-1 - 8). What is the remainder when (14/(-3))/(2/q) is divided by 8?
6
Let m = -6 + 4. Calculate the remainder when 1 is divided by m + (-3)/(2 + -3).
0
Suppose -5*f + f + 8 = 0. Suppose -100 = -7*t + f*t. What is the remainder when t is divided by 11?
9
Suppose -3*g + 6 = -0*g. Suppose -5*p + 145 = -5*l, 40 = g*p + 4*l - 36. Calculate the remainder when p is divided by 11.
10
Let x(a) = a**2 - a + 1. Let n be x(0). Let u = 1 - n. Suppose u*h = -5*h + 4*v, 0 = -2*h + 4*v - 12. Calculate the remainder when 10 is divided by h.
2
Suppose l = 3*l - 4. Suppose -5*h + 46 = -l*h + p, 33 = 2*h + 3*p. What is the remainder when h is divided by 8?
7
Let u = -33 + 23. Let c = u - -19. Calculate the remainder when 35 is divided by c.
8
Let r(m) = 9*m - 1. Calculate the remainder when (-602)/(-9) - 2/(-18) is divided by r(2).
16
Let c = 13 + -8. Suppose -c*w + 30 = -10. What is the remainder when (1 - -1) + 0 - -12 is divided by w?
6
Let h(c) = 4*c - 29. Calculate the remainder when 12 is divided by h(9).
5
Suppose 0 = c - 5 + 3. Let v = c + 1. Let f(t) = -t**2 + 4*t + 1. What is the remainder when f(3) is divided by v?
1
Let b(t) = -t**3 + 7*t**2 + 7*t + 17. Calculate the remainder when 23 is divided by b(8).
5
Let p(f) = -2*f - 4. Let r be p(-7). Suppose -2*d - 2 = -3*j - r, 2*d - 10 = 4*j. Let i = 40 + d. Calculate the remainder when i is divided by 14.
13
Let t(v) = v - 7. Let b be t(6). What is the remainder when (33 - b) + -1 + 0 is divided by 12?
9
Let b(q) = 38*q - 1. Suppose -3*h = -3*r - 105 + 36, -3*h = -2*r - 65. What is the remainder when b(1) is divided by h?
18
Let c(s) = 70*s**2 + 4*s + 4. Calculate the remainder when c(-1) is divided by 36.
34
What is the remainder when (-1)/(0 + 2/(-56)) is divided by (-5)/((-28)/8 + 3)?
8
Let n be 2/(-4) - 44/(-8). Suppose -n*w + w = -32. Suppose -2*k + 3*u - 2 = -3*k, -5*k = 5*u - 20. Calculate the remainder when w is divided by k.
3
Suppose 1 + 25 = m. Let j(l) = -l**3 - 2*l**2 - 1. Let f be j(-2). Calculate the remainder when m is divided by -1 + 8 + 3 + f.
8
Suppose -6*k + 2*k + 72 = 0. Suppose 5*s = 3*s - 6, 13 = j - 2*s. Calculate the remainder when k is divided by j.
4
Let d = -271 + 178. Calculate the remainder when (-2)/4 + d/(-6) is divided by 4.
3
Suppose 0*t - 4*t + 12 = 0. Suppose 2*o - 3 = t. Calculate the remainder when 8 is divided by o.
2
Suppose 63 = 3*v - 4*g, -2*v - 4*g = -46 + 4. Calculate the remainder when v is divided by 6.
3
Let f(k) = -k**3 - 5*k**2 - 3*k - 5. What is the remainder when 29 is divided by f(-5)?
9
Let s = 21 + 72. What is the remainder when s is divided by 33?
27
Let d(f) = f**3 + 9*f**2 - 3*f + 3. Calculate the remainder when 117 is divided by d(-9).
27
Suppose -13 = -3*c - 3*h + 53, -2*c + 47 = 5*h. Calculate the remainder when 80 is divided by c.
17
Let o(j) = 16*j**3. What is the remainder when 45 is divided by o(1)?
13
Suppose -s = -5*s + 164. What is the remainder when s is divided by (21/(1/(-1)))/(24/(-16))?
13
Let c be 2/7 + (-133)/(-49). Let x(w) = w**3 - 3*w**2 + w - 3. Let v be x(c). What is the remainder when 28 is divided by 40/4 - v/(-2)?
8
Let m(u) = -u**2 + 2*u + 2. Let k(w) = -w + 8. Let q be k(5). Let y be m(q). What is the remainder when 10 is divided by 6/(4 + (-3 - y))?
1
Suppose 2*o - 36 = -o - 3*l, 5*o - l = 48. Let c = 59 - 31. Calculate the remainder when c is divided by o.
8
Suppose 3*g - 5 = 1. Calculate the remainder when 7 is divided by g.
1
Let g(r) = 2*r**3 - r - 1. Let f be g(-2). Suppose -5*z + b = -2*b - 2, 0 = -4*z + b + 3. What is the remainder when 4/(-10) + (-21)/f is divided by z?
0
Let f = -7 + 17. What is the remainder when f i